 1136233216?
False
Does 1331 divide 31326416?
True
Does 78 divide 11235120?
True
Is 4115 a factor of 249933249?
False
Is 14580220 a multiple of 340?
True
Is 16451016 a multiple of 23?
False
Is 2986228282 a multiple of 79?
True
Is 289 a factor of 455230777?
True
Is 15866370 a multiple of 421?
False
Is 701 a factor of 122741619?
False
Is 21880602 a multiple of 26?
False
Is 23 a factor of 30267457?
False
Is 94 a factor of 160298715?
False
Is 67 a factor of 10528582?
False
Does 712 divide 260134110?
False
Does 61 divide 897183852?
True
Does 1900 divide 34572867?
False
Does 1045 divide 158777300?
True
Is 8 a factor of 331061916?
False
Does 553 divide 276849496?
True
Is 5668360 a multiple of 40?
True
Is 240 a factor of 182303760?
True
Is 69 a factor of 239653350?
False
Is 45975683 a multiple of 1090?
False
Does 411 divide 33203592?
False
Does 58 divide 998227903?
False
Is 812387238 a multiple of 303?
True
Is 102 a factor of 2567771809?
False
Is 54 a factor of 2027697408?
True
Is 12138810 a multiple of 15?
True
Is 1527 a factor of 144689358?
True
Is 27 a factor of 1307853?
True
Does 406 divide 7157819?
False
Is 111 a factor of 23526117?
True
Does 397 divide 111978217?
True
Is 72 a factor of 152739341?
False
Does 40 divide 36967600?
True
Is 1997445 a multiple of 2183?
True
Is 50629908 a multiple of 76?
True
Is 32 a factor of 1039986?
False
Does 1292 divide 903461248?
False
Is 61754135 a multiple of 22?
False
Does 3486 divide 40611846?
False
Is 24 a factor of 916104?
True
Does 411 divide 118433349?
True
Is 4653 a factor of 182255830?
False
Is 204116054 a multiple of 71?
True
Is 75976364 a multiple of 2603?
True
Does 3791 divide 1536443017?
True
Is 29011362 a multiple of 4?
False
Does 11 divide 3041932083?
False
Is 8083847 a multiple of 6?
False
Does 63 divide 18357192?
True
Is 7 a factor of 18045246?
False
Is 167773587 a multiple of 28?
False
Does 18 divide 18380464?
False
Does 158 divide 5920576?
True
Is 342 a factor of 14210030?
False
Is 13549940 a multiple of 2449?
False
Does 119 divide 14996975?
True
Is 1369 a factor of 138130731?
True
Does 5 divide 2061247?
False
Is 43176496 a multiple of 44?
True
Does 353 divide 10674014?
True
Is 24020357 a multiple of 491?
False
Is 14 a factor of 853868477?
False
Is 10 a factor of 64237522?
False
Is 6 a factor of 2950834?
False
Does 16 divide 1189294412?
False
Does 147 divide 23268145?
False
Is 5622522663 a multiple of 519?
True
Is 108174244 a multiple of 59?
False
Does 816 divide 1140784121?
False
Does 2027 divide 43430502?
True
Does 22 divide 206341468?
False
Does 644 divide 24885562?
False
Does 4 divide 91032855?
False
Is 899687145 a multiple of 21?
True
Is 1537882346 a multiple of 386?
False
Is 48363392 a multiple of 32?
True
Is 4809780 a multiple of 45?
True
Is 18069150 a multiple of 6990?
True
Is 527 a factor of 5686857?
True
Is 171 a factor of 23540544?
True
Is 435154609 a multiple of 63?
False
Is 151 a factor of 14550373?
False
Is 5 a factor of 108046264?
False
Is 26 a factor of 3147614095?
False
Is 5702 a factor of 1204924394?
False
Is 1036 a factor of 84503101?
False
Is 476870042 a multiple of 22?
True
Is 502 a factor of 11705688?
False
Does 85 divide 2306948280?
True
Does 3553 divide 102827593?
False
Does 551 divide 197616701?
True
Is 21 a factor of 892696539?
True
Does 267 divide 501782560?
False
Does 11542 divide 697875488?
True
Does 21 divide 8533009?
False
Does 4209 divide 4611809762?
False
Is 518085722 a multiple of 98?
True
Does 415 divide 1781304389?
False
Is 21384398 a multiple of 7?
True
Does 6803 divide 1312359927?
True
Does 27 divide 15973065?
True
Is 54457971 a multiple of 107?
True
Is 5631 a factor of 152033809?
False
Is 14653633 a multiple of 109?
True
Does 55 divide 1450555976?
False
Is 30561520 a multiple of 22?
True
Is 64 a factor of 94522732?
False
Is 23607759 a multiple of 147?
True
Is 12 a factor of 13241483?
False
Does 11 divide 8122884?
True
Is 241 a factor of 108159809?
False
Is 102 a factor of 9207802?
False
Is 313481008 a multiple of 8?
True
Does 814 divide 42561618?
True
Is 47 a factor of 556479145?
False
Is 2940 a factor of 1553807640?
True
Is 15 a factor of 62163960?
True
Does 233 divide 27742669?
False
Is 55470343 a multiple of 167?
False
Is 5107187536 a multiple of 12?
False
Is 113 a factor of 51421517?
False
Is 119 a factor of 385141684?
False
Is 40 a factor of 45908267?
False
Does 7 divide 24299965?
False
Is 12 a factor of 318129919?
False
Is 94 a factor of 41976859?
False
Is 12 a factor of 291814164?
True
Does 314 divide 1741569286?
True
Does 41 divide 83864973?
False
Does 7905 divide 1458759231?
False
Does 43 divide 3571623?
True
Does 72 divide 189796104?
True
Is 107983380 a multiple of 15?
True
Is 213208390 a multiple of 101?
False
Is 57673764 a multiple of 18?
True
Does 1903 divide 888926032?
False
Does 57 divide 6772626?
True
Is 6793 a factor of 210270522?
True
Is 8053155 a multiple of 165?
True
Does 81 divide 74493985?
False
Does 2700 divide 174411900?
True
Is 17 a factor of 46773239?
True
Does 1286 divide 2064368583?
False
Does 261 divide 2009211?
False
Is 126751622 a multiple of 19?
True
Does 1086 divide 71353586?
False
Is 813801630 a multiple of 218?
True
Is 205 a factor of 162821660?
True
Does 60 divide 5122747?
False
Is 979551196 a multiple of 2037?
False
Does 835 divide 18869330?
True
Does 6 divide 13184119?
False
Does 2 divide 63613794?
True
Is 193529300 a multiple of 118?
False
Is 1563 a factor of 129130670?
False
Is 65208467 a multiple of 106?
False
Does 4648 divide 48120744?
True
Is 133174635 a multiple of 329?
False
Is 182094792 a multiple of 66?
True
Is 1494255466 a multiple of 21?
False
Does 144 divide 232660512?
True
Does 712 divide 104621992?
True
Does 3746 divide 714793452?
False
Is 494 a factor of 108588919?
False
Does 1834 divide 82341098?
True
Is 363239820 a multiple of 141?
False
Does 152 divide 2962598712?
True
Does 343 divide 28064603?
True
Is 27244490 a multiple of 845?
True
Does 2017 divide 3224313?
False
Does 5 divide 13385385?
True
Does 23 divide 14606633?
True
Is 73719822 a multiple of 462?
False
Is 685 a factor of 119407145?
True
Is 649 a factor of 8801630?
False
Is 383 a factor of 710228375?
False
Does 721 divide 13475276?
False
Does 209 divide 58609452?
True
Does 1191 divide 23090608?
False
Is 681868535 a multiple of 261?
False
Is 10 a factor of 8202215?
False
Does 19 divide 108595198?
False
Is 568287928 a multiple of 104?
True
Is 18 a factor of 34384626?
True
Is 5 a factor of 29326353?
False
Does 26 divide 2663570?
True
Is 44 a factor of 179741?
False
Does 373 divide 689457271?
False
Does 3077 divide 735295305?
True
Does 24 divide 279271296?
True
Is 1219539384 a multiple of 9?
True
Is 1176 a factor of 359552592?
True
Is 9746045 a multiple of 8?
False
Is 103 a factor of 571085613?
False
Does 24 divide 484559968?
False
Does 10 divide 2518178036?
False
Does 1871 divide 2071534?
False
Does 22 divide 13695507?
False
Is 15345456 a multiple of 419?
True
Is 378 a factor of 5531369?
False
Is 186531948 a multiple of 6414?
True
Is 891345730 a multiple of 17?
False
Is 1522 a factor of 430476392?
True
Is 11 a factor of 178980571?
True
Is 726075163 a multiple of 15?
False
Is 102 a factor of 149313618?
True
Does 204 divide 13488256?
False
Does 16 divide 304371424?
True
Does 215 divide 66032305?
True
Is 9 a factor of 222897312?
True
Is 12 a factor of 438870602?
False
Does 981 divide 47026213?
False
Is 7852245012 a multiple of 14?
False
Does 108 divide 149540904?
True
Is 26 a factor of 842732150?
True
Does 346 divide 468336258?
True
Is 17 a factor of 42166989?
False
Does 55 divide 385220?
True
Is 2450 a factor of 5169500?
True
Is 91 a factor of 129544142?
True
Is 535 a factor of 4071350?
True
Does 81 divide 12069972?
True
Is 122 a factor of 43826797?
False
Does 3 divide 34382169?
True
Does 161 divide 71632971?
False
Does 6 divide 32321163?
False
Is 2825187543 a multiple of 582?
False
Does 174 divide 410563575?
False
Is 1624687064 a multiple of 4004?
True
Is 1001163834 a multiple of 594?
True
Is 1609605023 a multiple of 40?
False
Is 5047228 a multiple of 1429?
True
Is 59 a factor of 19417726?
True
Is 257841360 a multiple of 336?
True
Is 1356604665 a multiple of 5?
True
Is 2896 a factor of 31841520?
True
Does 13 divide 1540201287?
False
Is 10083 a